{"id":2636,"date":"2023-10-13T02:03:52","date_gmt":"2023-10-13T02:03:52","guid":{"rendered":"https:\/\/labodegademariaa.com\/?post_type=product&#038;p=2636"},"modified":"2024-06-19T05:45:26","modified_gmt":"2024-06-19T05:45:26","slug":"avene-tratamiento-anti-edad-spf50","status":"publish","type":"product","link":"https:\/\/labodegademariaa.com\/index.php\/product\/avene-tratamiento-anti-edad-spf50\/","title":{"rendered":"Avene tratamiento anti-edad SPF50"},"content":{"rendered":"<p>Avene tratamiento solar Anti-Edad SPF50+, para tu piel madura elige un protector solar mltifuncional. La crema facial protectora antiarrugas Av\u00e8ne Sun Anti -Edad tiene acci\u00f3n preventiva contra los efectos nocivos de los rayos solares y al mismo tiempo refuerza la producci\u00f3n de col\u00e1geno en tu piel. tiene una consistencia ligera y no pegajosa, resistente al agua y no irrita la piel. Contiene Provitamina E (Pre-tocoferilo) un potente antioxidante que ayuda a proteger las c\u00e9lulas de los radicales libres. Solo con una protecci\u00f3n de calidad contra los rayos del sol tu piel podr\u00e1 permanecer joven durante mucho tiempo.<\/p>\n","protected":false},"excerpt":{"rendered":"<p>Avene tratamiento solar Anti-Edad SPF50+, para tu piel madura elige un protector solar mltifuncional. La crema facial protectora antiarrugas Av\u00e8ne Sun Anti -Edad tiene acci\u00f3n preventiva contra los efectos nocivos de los rayos solares y al mismo tiempo refuerza la producci\u00f3n de col\u00e1geno en tu piel. tiene una consistencia ligera y no pegajosa, resistente al<\/p>\n<div class=\"klb-readmore entry-button\"><a class=\"btn read-more\" href=\"https:\/\/labodegademariaa.com\/index.php\/product\/avene-tratamiento-anti-edad-spf50\/\">Read More<\/a><\/div>\n","protected":false},"featured_media":2637,"comment_status":"open","ping_status":"closed","template":"","meta":{"_joinchat":[]},"product_cat":[132,129],"product_tag":[],"_links":{"self":[{"href":"https:\/\/labodegademariaa.com\/index.php\/wp-json\/wp\/v2\/product\/2636"}],"collection":[{"href":"https:\/\/labodegademariaa.com\/index.php\/wp-json\/wp\/v2\/product"}],"about":[{"href":"https:\/\/labodegademariaa.com\/index.php\/wp-json\/wp\/v2\/types\/product"}],"replies":[{"embeddable":true,"href":"https:\/\/labodegademariaa.com\/index.php\/wp-json\/wp\/v2\/comments?post=2636"}],"wp:featuredmedia":[{"embeddable":true,"href":"https:\/\/labodegademariaa.com\/index.php\/wp-json\/wp\/v2\/media\/2637"}],"wp:attachment":[{"href":"https:\/\/labodegademariaa.com\/index.php\/wp-json\/wp\/v2\/media?parent=2636"}],"wp:term":[{"taxonomy":"product_cat","embeddable":true,"href":"https:\/\/labodegademariaa.com\/index.php\/wp-json\/wp\/v2\/product_cat?post=2636"},{"taxonomy":"product_tag","embeddable":true,"href":"https:\/\/labodegademariaa.com\/index.php\/wp-json\/wp\/v2\/product_tag?post=2636"}],"curies":[{"name":"wp","href":"https:\/\/api.w.org\/{rel}","templated":true}]}}

<p>Avene tratamiento solar Anti-Edad SPF50+, para tu piel madura elige un protector solar mltifuncional. La crema facial protectora antiarrugas Avène Sun Anti -Edad tiene acción preventiva contra los efectos nocivos de los rayos solares y al mismo tiempo refuerza la producción de colágeno en tu piel. tiene una consistencia ligera y no pegajosa, resistente al agua y no irrita la piel. Contiene Provitamina E (Pre-tocoferilo) un potente antioxidante que ayuda a proteger las células de los radicales libres. Solo con una protección de calidad contra los rayos del sol tu piel podrá permanecer joven durante mucho tiempo.</p>

<p>Avene tratamiento solar Anti-Edad SPF50+, para tu piel madura elige un protector solar mltifuncional. La crema facial protectora antiarrugas Avène Sun Anti -Edad tiene acción preventiva contra los efectos nocivos de los rayos solares y al mismo tiempo refuerza la producción de colágeno en tu piel. tiene una consistencia ligera y no pegajosa, resistente al</p>
<div class="klb-readmore entry-button"><a class="btn read-more" href="https://labodegademariaa.com/index.php/product/avene-tratamiento-anti-edad-spf50/">Read More</a></div>
