{"id":2664,"date":"2023-10-13T03:21:29","date_gmt":"2023-10-13T03:21:29","guid":{"rendered":"https:\/\/labodegademariaa.com\/?post_type=product&#038;p=2664"},"modified":"2024-07-02T20:34:12","modified_gmt":"2024-07-02T20:34:12","slug":"kiko-crema-sublime-contorno-de-ojos-15-ml","status":"publish","type":"product","link":"https:\/\/labodegademariaa.com\/index.php\/product\/kiko-crema-sublime-contorno-de-ojos-15-ml\/","title":{"rendered":"Kiko crema sublime contorno de ojos  15 ml"},"content":{"rendered":"<p>Crema Sublime contorno de ojos antiarrugas con retinol, alisa las arrugas y los signos de edad, nutre en profundidad, mejora la elasticidad de la piel, regalando un aspecto m\u00e1s joven. Los ingredientes activos espec\u00edficos protegen contra el estr\u00e9s oxidativo y dan una apariencia saludable. La textura se absorbe f\u00e1cilmente , apto para todo tipo de piel, tiene undelicado aroma a orqu\u00eddea y bergamota.<\/p>\n","protected":false},"excerpt":{"rendered":"<p>Crema Sublime contorno de ojos antiarrugas con retinol, alisa las arrugas y los signos de edad, nutre en profundidad, mejora la elasticidad de la piel, regalando un aspecto m\u00e1s joven. Los ingredientes activos espec\u00edficos protegen contra el estr\u00e9s oxidativo y dan una apariencia saludable. La textura se absorbe f\u00e1cilmente , apto para todo tipo de<\/p>\n<div class=\"klb-readmore entry-button\"><a class=\"btn read-more\" href=\"https:\/\/labodegademariaa.com\/index.php\/product\/kiko-crema-sublime-contorno-de-ojos-15-ml\/\">Read More<\/a><\/div>\n","protected":false},"featured_media":2665,"comment_status":"open","ping_status":"closed","template":"","meta":{"_joinchat":[]},"product_cat":[136,133],"product_tag":[],"_links":{"self":[{"href":"https:\/\/labodegademariaa.com\/index.php\/wp-json\/wp\/v2\/product\/2664"}],"collection":[{"href":"https:\/\/labodegademariaa.com\/index.php\/wp-json\/wp\/v2\/product"}],"about":[{"href":"https:\/\/labodegademariaa.com\/index.php\/wp-json\/wp\/v2\/types\/product"}],"replies":[{"embeddable":true,"href":"https:\/\/labodegademariaa.com\/index.php\/wp-json\/wp\/v2\/comments?post=2664"}],"wp:featuredmedia":[{"embeddable":true,"href":"https:\/\/labodegademariaa.com\/index.php\/wp-json\/wp\/v2\/media\/2665"}],"wp:attachment":[{"href":"https:\/\/labodegademariaa.com\/index.php\/wp-json\/wp\/v2\/media?parent=2664"}],"wp:term":[{"taxonomy":"product_cat","embeddable":true,"href":"https:\/\/labodegademariaa.com\/index.php\/wp-json\/wp\/v2\/product_cat?post=2664"},{"taxonomy":"product_tag","embeddable":true,"href":"https:\/\/labodegademariaa.com\/index.php\/wp-json\/wp\/v2\/product_tag?post=2664"}],"curies":[{"name":"wp","href":"https:\/\/api.w.org\/{rel}","templated":true}]}}