{"id":2858,"date":"2024-04-11T05:25:54","date_gmt":"2024-04-11T05:25:54","guid":{"rendered":"https:\/\/labodegademariaa.com\/?post_type=product&#038;p=2858"},"modified":"2024-07-30T08:18:51","modified_gmt":"2024-07-30T08:18:51","slug":"uriage-fluido-ultra-ligero-spf50-30ml","status":"publish","type":"product","link":"https:\/\/labodegademariaa.com\/index.php\/product\/uriage-fluido-ultra-ligero-spf50-30ml\/","title":{"rendered":"Uriage fluido ultra ligero SPF50 +30ml"},"content":{"rendered":"<p>Este fluido ultraligero se absorbe f\u00e1cilmente, no deja marcas blancas. Previene el dano celular y el fotoenvejecimiento. La tecnolog\u00eda Skin Shield desarrollada por laboratorios dermatol\u00f3gicos Uriage combina las propiedades del agua termal de uriage con activos \u00fanicos que ayudan a proteger el ADN, previene el dano celular cuasado por la luz y los rayos UVA y UVB.<\/p>\n<p>Su tamano de bolsillo lo hace ideal para llevarlo siempre contigo en cualquier ocasi\u00f3n.<\/p>\n","protected":false},"excerpt":{"rendered":"<p>Este fluido ultraligero se absorbe f\u00e1cilmente, no deja marcas blancas. Previene el dano celular y el fotoenvejecimiento. La tecnolog\u00eda Skin Shield desarrollada por laboratorios dermatol\u00f3gicos Uriage combina las propiedades del agua termal de uriage con activos \u00fanicos que ayudan a proteger el ADN, previene el dano celular cuasado por la luz y los rayos UVA<\/p>\n<div class=\"klb-readmore entry-button\"><a class=\"btn read-more\" href=\"https:\/\/labodegademariaa.com\/index.php\/product\/uriage-fluido-ultra-ligero-spf50-30ml\/\">Read More<\/a><\/div>\n","protected":false},"featured_media":2859,"comment_status":"open","ping_status":"closed","template":"","meta":{"_joinchat":[]},"product_cat":[129,140],"product_tag":[],"_links":{"self":[{"href":"https:\/\/labodegademariaa.com\/index.php\/wp-json\/wp\/v2\/product\/2858"}],"collection":[{"href":"https:\/\/labodegademariaa.com\/index.php\/wp-json\/wp\/v2\/product"}],"about":[{"href":"https:\/\/labodegademariaa.com\/index.php\/wp-json\/wp\/v2\/types\/product"}],"replies":[{"embeddable":true,"href":"https:\/\/labodegademariaa.com\/index.php\/wp-json\/wp\/v2\/comments?post=2858"}],"wp:featuredmedia":[{"embeddable":true,"href":"https:\/\/labodegademariaa.com\/index.php\/wp-json\/wp\/v2\/media\/2859"}],"wp:attachment":[{"href":"https:\/\/labodegademariaa.com\/index.php\/wp-json\/wp\/v2\/media?parent=2858"}],"wp:term":[{"taxonomy":"product_cat","embeddable":true,"href":"https:\/\/labodegademariaa.com\/index.php\/wp-json\/wp\/v2\/product_cat?post=2858"},{"taxonomy":"product_tag","embeddable":true,"href":"https:\/\/labodegademariaa.com\/index.php\/wp-json\/wp\/v2\/product_tag?post=2858"}],"curies":[{"name":"wp","href":"https:\/\/api.w.org\/{rel}","templated":true}]}}