{"id":2892,"date":"2024-04-11T06:09:24","date_gmt":"2024-04-11T06:09:24","guid":{"rendered":"https:\/\/labodegademariaa.com\/?post_type=product&#038;p=2892"},"modified":"2024-06-16T08:01:54","modified_gmt":"2024-06-16T08:01:54","slug":"theordinary-niacinamide-10-zinc-1","status":"publish","type":"product","link":"https:\/\/labodegademariaa.com\/index.php\/product\/theordinary-niacinamide-10-zinc-1\/","title":{"rendered":"TheOrdinary niacinamide 10% zinc 1%"},"content":{"rendered":"<p>El suero facial Ordinary Niacinamide 10% +Zinc 1% est\u00e1 disenado para iluminar la piel apagada, especialmente la propensa a imperfecciones y poros dilatados. No s\u00f3lo se encarga de aumentar la luminosidad de la piel, sino que tambi\u00e9n suaviza visiblemente la extura irregular. Contribuye con el tiempo a mejorar la hidrataci\u00f3n de la piel. La f\u00f3rmula contiene sal de zinc del \u00e1cido pirrolidona carbox\u00edlico con acci\u00f3n seborreguladora.<\/p>\n","protected":false},"excerpt":{"rendered":"<p>El suero facial Ordinary Niacinamide 10% +Zinc 1% est\u00e1 disenado para iluminar la piel apagada, especialmente la propensa a imperfecciones y poros dilatados. No s\u00f3lo se encarga de aumentar la luminosidad de la piel, sino que tambi\u00e9n suaviza visiblemente la extura irregular. Contribuye con el tiempo a mejorar la hidrataci\u00f3n de la piel. La f\u00f3rmula<\/p>\n<div class=\"klb-readmore entry-button\"><a class=\"btn read-more\" href=\"https:\/\/labodegademariaa.com\/index.php\/product\/theordinary-niacinamide-10-zinc-1\/\">Read More<\/a><\/div>\n","protected":false},"featured_media":2893,"comment_status":"open","ping_status":"closed","template":"","meta":{"_joinchat":[]},"product_cat":[144,145],"product_tag":[],"_links":{"self":[{"href":"https:\/\/labodegademariaa.com\/index.php\/wp-json\/wp\/v2\/product\/2892"}],"collection":[{"href":"https:\/\/labodegademariaa.com\/index.php\/wp-json\/wp\/v2\/product"}],"about":[{"href":"https:\/\/labodegademariaa.com\/index.php\/wp-json\/wp\/v2\/types\/product"}],"replies":[{"embeddable":true,"href":"https:\/\/labodegademariaa.com\/index.php\/wp-json\/wp\/v2\/comments?post=2892"}],"wp:featuredmedia":[{"embeddable":true,"href":"https:\/\/labodegademariaa.com\/index.php\/wp-json\/wp\/v2\/media\/2893"}],"wp:attachment":[{"href":"https:\/\/labodegademariaa.com\/index.php\/wp-json\/wp\/v2\/media?parent=2892"}],"wp:term":[{"taxonomy":"product_cat","embeddable":true,"href":"https:\/\/labodegademariaa.com\/index.php\/wp-json\/wp\/v2\/product_cat?post=2892"},{"taxonomy":"product_tag","embeddable":true,"href":"https:\/\/labodegademariaa.com\/index.php\/wp-json\/wp\/v2\/product_tag?post=2892"}],"curies":[{"name":"wp","href":"https:\/\/api.w.org\/{rel}","templated":true}]}}