{"id":2896,"date":"2024-04-11T06:11:20","date_gmt":"2024-04-11T06:11:20","guid":{"rendered":"https:\/\/labodegademariaa.com\/?post_type=product&#038;p=2896"},"modified":"2024-06-14T20:31:16","modified_gmt":"2024-06-14T20:31:16","slug":"the-ordinary-peeling-solution","status":"publish","type":"product","link":"https:\/\/labodegademariaa.com\/index.php\/product\/the-ordinary-peeling-solution\/","title":{"rendered":"The Ordinary peeling solution AHA30%"},"content":{"rendered":"<p>El exfoliante qu\u00edmico ordinary AHA 30% +BHA 2% Peeling solution, ayuda a exfoliar la piel en superficie gracias a las sustancias hidratantes y a los valores equilibrados de PKA y PH el riesgo de irritaci\u00f3n es m\u00ednimo. Ayuda a limpiar los poros osbtruidos, combate las imperfecciones,\u00a0 suaviza la textura superficial y regala un aspecto mas luminoso. Su f\u00f3rmula basada en investigaciones cientificas contine un complejo de acci\u00f3n espec\u00edfica con un 30% de alfa hidroxi\u00e1cidos (glic\u00f3lico, l\u00e1ctico, tart\u00e1rico y c\u00edtrico) y un 2% de \u00e1cido salic\u00eddico (beta hidroxi\u00e1cido) los dos tipos de \u00e1cido tienen un PH equilibrado para expresar la m\u00e1xima eficacia.<\/p>\n<p>ADVERTENCIA: la f\u00f3rmula contiene una concentraci\u00f3n muy alta de \u00e1cidos libres. Recomendamos su uso a quienes ya tienen experiencia en exfoliaciones con base \u00e1cida y s\u00f3lo en el caso de pieles no sensibles.<\/p>\n","protected":false},"excerpt":{"rendered":"<p>El exfoliante qu\u00edmico ordinary AHA 30% +BHA 2% Peeling solution, ayuda a exfoliar la piel en superficie gracias a las sustancias hidratantes y a los valores equilibrados de PKA y PH el riesgo de irritaci\u00f3n es m\u00ednimo. Ayuda a limpiar los poros osbtruidos, combate las imperfecciones,\u00a0 suaviza la textura superficial y regala un aspecto mas<\/p>\n<div class=\"klb-readmore entry-button\"><a class=\"btn read-more\" href=\"https:\/\/labodegademariaa.com\/index.php\/product\/the-ordinary-peeling-solution\/\">Read More<\/a><\/div>\n","protected":false},"featured_media":2897,"comment_status":"open","ping_status":"closed","template":"","meta":{"_joinchat":[]},"product_cat":[144,145],"product_tag":[],"_links":{"self":[{"href":"https:\/\/labodegademariaa.com\/index.php\/wp-json\/wp\/v2\/product\/2896"}],"collection":[{"href":"https:\/\/labodegademariaa.com\/index.php\/wp-json\/wp\/v2\/product"}],"about":[{"href":"https:\/\/labodegademariaa.com\/index.php\/wp-json\/wp\/v2\/types\/product"}],"replies":[{"embeddable":true,"href":"https:\/\/labodegademariaa.com\/index.php\/wp-json\/wp\/v2\/comments?post=2896"}],"wp:featuredmedia":[{"embeddable":true,"href":"https:\/\/labodegademariaa.com\/index.php\/wp-json\/wp\/v2\/media\/2897"}],"wp:attachment":[{"href":"https:\/\/labodegademariaa.com\/index.php\/wp-json\/wp\/v2\/media?parent=2896"}],"wp:term":[{"taxonomy":"product_cat","embeddable":true,"href":"https:\/\/labodegademariaa.com\/index.php\/wp-json\/wp\/v2\/product_cat?post=2896"},{"taxonomy":"product_tag","embeddable":true,"href":"https:\/\/labodegademariaa.com\/index.php\/wp-json\/wp\/v2\/product_tag?post=2896"}],"curies":[{"name":"wp","href":"https:\/\/api.w.org\/{rel}","templated":true}]}}